{"id":62,"date":"2015-08-01T21:49:13","date_gmt":"2015-08-01T19:49:13","guid":{"rendered":"http:\/\/www.durch-die-linse.at\/suedamerika-blog\/?page_id=62"},"modified":"2015-12-11T20:32:30","modified_gmt":"2015-12-11T19:32:30","slug":"route","status":"publish","type":"page","link":"https:\/\/www.durch-die-linse.at\/suedamerika-blog\/route\/","title":{"rendered":"Route"},"content":{"rendered":"<p><span style=\"font-size: 16pt;\"><strong>S\u00fcdamerika wir kommen!<\/strong><\/span><\/p>\n<p><strong>ECUADOR<br \/>\n<\/strong>Unsere erste Destination im fremden Kontinent: ECUADOR. Wir Landen in Ecuadors Hauptstadt Quito, von dort aus brechen wir mit dem Bus Richtung S\u00fcden auf, radeln entlang der K\u00fcste von Olon bis Salinas und landen kurz darauf in Ecuadors gr\u00f6\u00dfter Stadt Guayaquil.<\/p>\n<p>Von dort gehts weiter mit dem Bus zur\u00fcck ins Hochland- nach Cuenca &#8211; eine multikulturelle Stadt, die uns f\u00fcr mehrere Tage in ihren Bann zieht. Ein Abstecher in den Cajas National Park und anschlie\u00dfend per Bus und Rad s\u00fcdw\u00e4rts \u00fcber Saraguro und San Lucas nach Loja. Das Tal der Alten ist ein absolutes Muss &#8211; Vilcabamba, danach zur\u00fcck nach Loja und \u00fcber Catacocha kommen wir per Drahtesel nach Macara.<\/p>\n<p><strong>PERU<br \/>\n<\/strong>&#8230;unproblematisch geht`s weiter \u00fcber die Grenze nach PERU &#8211; das zweite Land unserer Reise. Mit einem kurzen Zwischenstop in Piura fahren wir mit dem Nachtbus bis nach Lima, Perus Hauptstadt, die zweittrockendste Stadt der Welt, und die Stadt mit der h\u00f6chsten Luftverschmutzung S\u00fcdamerikas &#8211; uns gef\u00e4llt es trotzdem, wir verweilen und brechen entlang des Gringotrails auf Richtung S\u00fcden. Ica- Nazca-Huacachina und zur\u00fcck ins geliebte Hochland und gleichzeitig ins Inka Reich Cusco.<br \/>\nF\u00fcr ein paar Tage \u00fcberw\u00e4ltigt von der verlorenen Stadt Macchu Picchu, ziehen wir weiter und legen ein St\u00fcckchen mit dem Bus zur\u00fcck &#8211; n\u00e4chstes Ziel wird der h\u00f6chstgelegene kommerziell schiffbare See weltweit sein, &#8211; Lago de Titicaca, wo wiederum faszinierende Erlebnisse auf uns warten &#8211; die &#8222;schwimmenden&#8220; Urosinseln, die blendende Farbpracht des Titicacasees, und unser erster Grenz\u00fcbergang per Rad nach Bolivien.<\/p>\n<p><strong>BOLIVIEN<br \/>\n<\/strong>Die ersten bolivianischen Gepflogenheiten lernen wir im originalen Copacabana kennen, der ideale Ort zum &#8222;abh\u00e4ngen&#8220;. Noch tiefere Einblicke in das \u00e4rmste Land S\u00fcdamerikas werden wir auf dem Weg und vorallem in La Paz gewinnen,- die umstrittene, eigentliche &#8222;Hauptstadt&#8220; Boliviens. Nach ein paar Tagen in der kontrastreichen Stadt bringt uns ein Nachtbus \u00fcber Stock und Stein in ein bekanntes und faszinierendes Naturschauspiel &#8211; in die unglaubliche Salzw\u00fcste Uyuni.<\/p>\n<p><strong>CHILE<br \/>\n<\/strong><\/p>\n<p>&nbsp;<\/p>\n<p>&nbsp;<\/p>\n","protected":false},"excerpt":{"rendered":"<p>S\u00fcdamerika wir kommen! ECUADOR Unsere erste Destination im fremden Kontinent: ECUADOR. Wir Landen in Ecuadors Hauptstadt Quito, von dort aus brechen wir mit dem Bus Richtung S\u00fcden auf, radeln entlang der K\u00fcste von Olon bis Salinas und landen kurz darauf in Ecuadors gr\u00f6\u00dfter Stadt Guayaquil. Von dort gehts weiter mit dem Bus zur\u00fcck ins Hochland-<span class=\"excerpt-ellipsis\">&#8230;<\/span><\/p>\n<p><a class=\"more-link\" href=\"https:\/\/www.durch-die-linse.at\/suedamerika-blog\/route\/\" itemprop=\"url\">Read More<\/a><\/p>\n","protected":false},"author":2,"featured_media":0,"parent":0,"menu_order":0,"comment_status":"closed","ping_status":"closed","template":"","meta":{"ngg_post_thumbnail":0,"footnotes":""},"class_list":["post-62","page","type-page","status-publish","hentry"],"_links":{"self":[{"href":"https:\/\/www.durch-die-linse.at\/suedamerika-blog\/wp-json\/wp\/v2\/pages\/62","targetHints":{"allow":["GET"]}}],"collection":[{"href":"https:\/\/www.durch-die-linse.at\/suedamerika-blog\/wp-json\/wp\/v2\/pages"}],"about":[{"href":"https:\/\/www.durch-die-linse.at\/suedamerika-blog\/wp-json\/wp\/v2\/types\/page"}],"author":[{"embeddable":true,"href":"https:\/\/www.durch-die-linse.at\/suedamerika-blog\/wp-json\/wp\/v2\/users\/2"}],"replies":[{"embeddable":true,"href":"https:\/\/www.durch-die-linse.at\/suedamerika-blog\/wp-json\/wp\/v2\/comments?post=62"}],"version-history":[{"count":10,"href":"https:\/\/www.durch-die-linse.at\/suedamerika-blog\/wp-json\/wp\/v2\/pages\/62\/revisions"}],"predecessor-version":[{"id":1636,"href":"https:\/\/www.durch-die-linse.at\/suedamerika-blog\/wp-json\/wp\/v2\/pages\/62\/revisions\/1636"}],"wp:attachment":[{"href":"https:\/\/www.durch-die-linse.at\/suedamerika-blog\/wp-json\/wp\/v2\/media?parent=62"}],"curies":[{"name":"wp","href":"https:\/\/api.w.org\/{rel}","templated":true}]}}